{"id":8596,"date":"2024-08-01T07:40:11","date_gmt":"2024-08-01T05:40:11","guid":{"rendered":"https:\/\/irriprojekt.com\/?post_type=product&#038;p=8596"},"modified":"2025-08-20T21:02:04","modified_gmt":"2025-08-20T19:02:04","slug":"turbinski-mjerac-protoka-s-digitalnim-lcd-ekranom","status":"publish","type":"product","link":"https:\/\/irriprojekt.com\/index.php\/product\/turbinski-mjerac-protoka-s-digitalnim-lcd-ekranom\/","title":{"rendered":"Turbinski mjera\u010d protoka s digitalnim LCD ekranom"},"content":{"rendered":"<p><strong>Turbinski digitalni mjera\u010d protoka:<\/strong><\/p>\n<p><strong>Dimenzija:\u00a0<\/strong>1&#8243; | 1 1\/2&#8243; |\u00a0 2&#8243;<\/p>\n<p><strong>Medij:<\/strong>\u00a0Voda, Diesel, Benzin, Kerozin, Metanol<\/p>\n<p>Visoko precizan mjera\u010d protoka<\/p>\n<p>To\u010dnost mjerenja: \u00b1 1%<\/p>\n<p>Trajanje baterije: 9000 h<\/p>\n<p>Podru\u010dje mjerenja: 5 -100\u00a0 \/\u00a0 40 &#8211; 280\u00a0 \/\u00a0 60 &#8211; 500 (L\/min)<\/p>\n<p>Radna temperatura: -20-60 (\u2103)<\/p>\n<p>&nbsp;<\/p>\n<p>Paket uklju\u010duje 1 komad turbinskog mjera\u010da protoka<\/p>\n<p>Ne uklju\u010duje bateriju<\/p>\n","protected":false},"excerpt":{"rendered":"<p>Turbinski digitalni mjera\u010d protoka: Dimenzija:\u00a01&#8243; | 1 1\/2&#8243; |\u00a0 2&#8243; Medij:\u00a0Voda, Diesel, Benzin, Kerozin, Metanol Visoko precizan mjera\u010d protoka To\u010dnost mjerenja: \u00b1 1% Trajanje baterije: 9000 h Podru\u010dje mjerenja: 5 -100\u00a0 \/\u00a0 40 &#8211; 280\u00a0 \/\u00a0 60 &#8211; 500 (L\/min) Radna temperatura: -20-60 (\u2103) &nbsp; Paket uklju\u010duje 1 komad turbinskog mjera\u010da protoka Ne uklju\u010duje bateriju<\/p>\n","protected":false},"featured_media":8597,"comment_status":"open","ping_status":"closed","template":"","meta":[],"product_brand":[],"product_cat":[55],"product_tag":[],"class_list":{"0":"post-8596","1":"product","2":"type-product","3":"status-publish","4":"has-post-thumbnail","6":"product_cat-navodnjavanje","8":"first","9":"instock","10":"shipping-taxable","11":"product-type-simple"},"acf":[],"_links":{"self":[{"href":"https:\/\/irriprojekt.com\/index.php\/wp-json\/wp\/v2\/product\/8596","targetHints":{"allow":["GET"]}}],"collection":[{"href":"https:\/\/irriprojekt.com\/index.php\/wp-json\/wp\/v2\/product"}],"about":[{"href":"https:\/\/irriprojekt.com\/index.php\/wp-json\/wp\/v2\/types\/product"}],"replies":[{"embeddable":true,"href":"https:\/\/irriprojekt.com\/index.php\/wp-json\/wp\/v2\/comments?post=8596"}],"wp:featuredmedia":[{"embeddable":true,"href":"https:\/\/irriprojekt.com\/index.php\/wp-json\/wp\/v2\/media\/8597"}],"wp:attachment":[{"href":"https:\/\/irriprojekt.com\/index.php\/wp-json\/wp\/v2\/media?parent=8596"}],"wp:term":[{"taxonomy":"product_brand","embeddable":true,"href":"https:\/\/irriprojekt.com\/index.php\/wp-json\/wp\/v2\/product_brand?post=8596"},{"taxonomy":"product_cat","embeddable":true,"href":"https:\/\/irriprojekt.com\/index.php\/wp-json\/wp\/v2\/product_cat?post=8596"},{"taxonomy":"product_tag","embeddable":true,"href":"https:\/\/irriprojekt.com\/index.php\/wp-json\/wp\/v2\/product_tag?post=8596"}],"curies":[{"name":"wp","href":"https:\/\/api.w.org\/{rel}","templated":true}]}}