{"id":560,"date":"2013-06-07T11:35:18","date_gmt":"2013-06-07T11:35:18","guid":{"rendered":"http:\/\/demo2.woothemes.com\/woocommerce\/?post_type=product&#038;p=90"},"modified":"2024-06-28T20:37:23","modified_gmt":"2024-06-28T18:37:23","slug":"secateurs","status":"publish","type":"product","link":"https:\/\/irriprojekt.com\/index.php\/product\/secateurs\/","title":{"rendered":"Filteri"},"content":{"rendered":"<p>Filter za sustav navodnjavanja je klju\u010dna komponenta koja osigurava da voda koja ulazi u sustav ne sadr\u017ei \u010destice ne\u010disto\u0107a koje bi mogle za\u010depiti ili o\u0161tetiti komponente sustava ili biljke koje se navodnjavaju. Evo osnovnog opisa filtera za sustav navodnjavanja:<\/p>\n<p>&nbsp;<\/p>\n<p>1. Namjena:<\/p>\n<p>Filteri u sustavima navodnjavanja koriste se za uklanjanje suspendiranih \u010destica iz vode kako bi se sprije\u010dilo za\u010depljenje kapaljka\u010da, raspr\u0161iva\u010da i ostalih dijelova sustava. To poma\u017ee u osiguravanju u\u010dinkovitog i jednolikog navodnjavanja.<\/p>\n<p>&nbsp;<\/p>\n<p>2. Vrste filtera:<\/p>\n<p>&nbsp;<\/p>\n<p>&#8211; Mre\u017easti ili ekran filteri: Imaju mre\u017eu ili ekran koji prepre\u010dava prolazak \u010destica. \u010cesto se koriste za ve\u0107e \u010destice. Ovisno o veli\u010dini mre\u017ee, mogu\u0107e je filtrirati razli\u010dite veli\u010dine \u010destica.<\/p>\n<p>&nbsp;<\/p>\n<p>&#8211; Pje\u0161\u010dani filteri: Voda prolazi kroz sloj pijeska koji hvata i zadr\u017eava sitne \u010destice. Posebno su u\u010dinkoviti za uklanjanje finih \u010destica.<\/p>\n<p>&nbsp;<\/p>\n<p>&#8211; Diskovni filteri: Sastoje se od niza diskova slo\u017eenih zajedno. Kada voda prolazi kroz diskove, \u010destice se hvataju me\u0111u diskovima.<\/p>\n<p>&nbsp;<\/p>\n<p>&#8211; Centrifugalni filteri: Koriste centrifugalnu silu za odvajanje \u010destica od vode.<\/p>\n<p>&nbsp;<\/p>\n<p>3. Mjesto ugradnje:<\/p>\n<p>Filteri se obi\u010dno postavljaju nakon glavne pumpe i prije glavnog ventila, tako da se sva voda koja ulazi u sustav navodnjavanja prvo filtrira.<\/p>\n<p>&nbsp;<\/p>\n<p>4. Odr\u017eavanje:<\/p>\n<p>Redovito \u010di\u0161\u0107enje i odr\u017eavanje filtera osigurava njegovu dugovje\u010dnost i u\u010dinkovitost. Neki filteri imaju automatske sustave za ispiranje, dok drugi zahtijevaju ru\u010dno \u010di\u0161\u0107enje.<\/p>\n<p>&nbsp;<\/p>\n<p>5. Odabir filtera:<\/p>\n<p>Prilikom odabira filtera va\u017eno je uzeti u obzir veli\u010dinu \u010destica koje treba filtrirati, protok vode kroz sustav, pritisak i kvalitetu izvorne vode.<\/p>\n<p>&nbsp;<\/p>\n<p>Uz pravilno odabran i odr\u017eavan filter, sustav navodnjavanja \u0107e raditi u\u010dinkovito, smanjuju\u0107i rizik od problema povezanih s ne\u010disto\u0107ama u vodi.<\/p>\n<p><img fetchpriority=\"high\" decoding=\"async\" class=\"alignnone size-medium wp-image-8171\" src=\"https:\/\/irriprojekt.com\/wp-content\/uploads\/2013\/06\/AZUD-SPIRAL-CLEAN-pegatina-2020-300x300.jpg\" alt=\"\" width=\"300\" height=\"300\" srcset=\"https:\/\/irriprojekt.com\/wp-content\/uploads\/2013\/06\/AZUD-SPIRAL-CLEAN-pegatina-2020-300x300.jpg 300w, https:\/\/irriprojekt.com\/wp-content\/uploads\/2013\/06\/AZUD-SPIRAL-CLEAN-pegatina-2020-150x150.jpg 150w, https:\/\/irriprojekt.com\/wp-content\/uploads\/2013\/06\/AZUD-SPIRAL-CLEAN-pegatina-2020-768x768.jpg 768w, https:\/\/irriprojekt.com\/wp-content\/uploads\/2013\/06\/AZUD-SPIRAL-CLEAN-pegatina-2020-600x600.jpg 600w, https:\/\/irriprojekt.com\/wp-content\/uploads\/2013\/06\/AZUD-SPIRAL-CLEAN-pegatina-2020-100x100.jpg 100w, https:\/\/irriprojekt.com\/wp-content\/uploads\/2013\/06\/AZUD-SPIRAL-CLEAN-pegatina-2020.jpg 900w\" sizes=\"(max-width: 300px) 100vw, 300px\" \/><\/p>\n<p>&nbsp;<\/p>\n<p><img decoding=\"async\" class=\"alignnone size-medium wp-image-8178\" src=\"https:\/\/irriprojekt.com\/wp-content\/uploads\/2013\/06\/Filtracion_4K_rev.02-300x300.jpg\" alt=\"\" width=\"300\" height=\"300\" srcset=\"https:\/\/irriprojekt.com\/wp-content\/uploads\/2013\/06\/Filtracion_4K_rev.02-300x300.jpg 300w, https:\/\/irriprojekt.com\/wp-content\/uploads\/2013\/06\/Filtracion_4K_rev.02-150x150.jpg 150w, https:\/\/irriprojekt.com\/wp-content\/uploads\/2013\/06\/Filtracion_4K_rev.02-768x768.jpg 768w, https:\/\/irriprojekt.com\/wp-content\/uploads\/2013\/06\/Filtracion_4K_rev.02-600x600.jpg 600w, https:\/\/irriprojekt.com\/wp-content\/uploads\/2013\/06\/Filtracion_4K_rev.02-100x100.jpg 100w, https:\/\/irriprojekt.com\/wp-content\/uploads\/2013\/06\/Filtracion_4K_rev.02.jpg 900w\" sizes=\"(max-width: 300px) 100vw, 300px\" \/><\/p>\n<p>&nbsp;<\/p>\n<p>&nbsp;<\/p>\n<p><img decoding=\"async\" class=\"alignnone size-medium wp-image-8172\" src=\"https:\/\/irriprojekt.com\/wp-content\/uploads\/2013\/06\/AZUD-LUXON-MFH-7200-_DSC0672-300x300.jpg\" alt=\"\" width=\"300\" height=\"300\" srcset=\"https:\/\/irriprojekt.com\/wp-content\/uploads\/2013\/06\/AZUD-LUXON-MFH-7200-_DSC0672-300x300.jpg 300w, https:\/\/irriprojekt.com\/wp-content\/uploads\/2013\/06\/AZUD-LUXON-MFH-7200-_DSC0672-150x150.jpg 150w, https:\/\/irriprojekt.com\/wp-content\/uploads\/2013\/06\/AZUD-LUXON-MFH-7200-_DSC0672-768x768.jpg 768w, https:\/\/irriprojekt.com\/wp-content\/uploads\/2013\/06\/AZUD-LUXON-MFH-7200-_DSC0672-600x600.jpg 600w, https:\/\/irriprojekt.com\/wp-content\/uploads\/2013\/06\/AZUD-LUXON-MFH-7200-_DSC0672-100x100.jpg 100w, https:\/\/irriprojekt.com\/wp-content\/uploads\/2013\/06\/AZUD-LUXON-MFH-7200-_DSC0672.jpg 900w\" sizes=\"(max-width: 300px) 100vw, 300px\" \/><\/p>\n<p>&nbsp;<\/p>\n<p>&nbsp;<\/p>\n<p><img loading=\"lazy\" decoding=\"async\" class=\"alignnone size-medium wp-image-8177\" src=\"https:\/\/irriprojekt.com\/wp-content\/uploads\/2013\/06\/AZUD-LUXON-MFH-partes-esp-300x300.jpg\" alt=\"\" width=\"300\" height=\"300\" srcset=\"https:\/\/irriprojekt.com\/wp-content\/uploads\/2013\/06\/AZUD-LUXON-MFH-partes-esp-300x300.jpg 300w, https:\/\/irriprojekt.com\/wp-content\/uploads\/2013\/06\/AZUD-LUXON-MFH-partes-esp-150x150.jpg 150w, https:\/\/irriprojekt.com\/wp-content\/uploads\/2013\/06\/AZUD-LUXON-MFH-partes-esp-768x768.jpg 768w, https:\/\/irriprojekt.com\/wp-content\/uploads\/2013\/06\/AZUD-LUXON-MFH-partes-esp-600x600.jpg 600w, https:\/\/irriprojekt.com\/wp-content\/uploads\/2013\/06\/AZUD-LUXON-MFH-partes-esp-100x100.jpg 100w, https:\/\/irriprojekt.com\/wp-content\/uploads\/2013\/06\/AZUD-LUXON-MFH-partes-esp.jpg 900w\" sizes=\"(max-width: 300px) 100vw, 300px\" \/><\/p>\n<p>&nbsp;<\/p>\n<p><img loading=\"lazy\" decoding=\"async\" class=\"alignnone size-medium wp-image-8173\" src=\"https:\/\/irriprojekt.com\/wp-content\/uploads\/2013\/06\/AZUD-LUXON-LCA-2400-_DSC5154-300x300.jpg\" alt=\"\" width=\"300\" height=\"300\" srcset=\"https:\/\/irriprojekt.com\/wp-content\/uploads\/2013\/06\/AZUD-LUXON-LCA-2400-_DSC5154-300x300.jpg 300w, https:\/\/irriprojekt.com\/wp-content\/uploads\/2013\/06\/AZUD-LUXON-LCA-2400-_DSC5154-150x150.jpg 150w, https:\/\/irriprojekt.com\/wp-content\/uploads\/2013\/06\/AZUD-LUXON-LCA-2400-_DSC5154-768x768.jpg 768w, https:\/\/irriprojekt.com\/wp-content\/uploads\/2013\/06\/AZUD-LUXON-LCA-2400-_DSC5154-600x600.jpg 600w, https:\/\/irriprojekt.com\/wp-content\/uploads\/2013\/06\/AZUD-LUXON-LCA-2400-_DSC5154-100x100.jpg 100w, https:\/\/irriprojekt.com\/wp-content\/uploads\/2013\/06\/AZUD-LUXON-LCA-2400-_DSC5154.jpg 900w\" sizes=\"(max-width: 300px) 100vw, 300px\" \/><\/p>\n<p>&nbsp;<\/p>\n<p>&nbsp;<\/p>\n","protected":false},"excerpt":{"rendered":"<p>Filter za sustav navodnjavanja je klju\u010dna komponenta koja osigurava da voda koja ulazi u sustav ne sadr\u017ei \u010destice ne\u010disto\u0107a koje bi mogle za\u010depiti ili o\u0161tetiti komponente sustava ili biljke koje se navodnjavaju.<\/p>\n","protected":false},"featured_media":8169,"comment_status":"open","ping_status":"closed","template":"","meta":[],"product_brand":[],"product_cat":[52],"product_tag":[],"class_list":{"0":"post-560","1":"product","2":"type-product","3":"status-publish","4":"has-post-thumbnail","6":"product_cat-fiteri","8":"first","9":"instock","10":"downloadable","11":"shipping-taxable","12":"product-type-simple"},"acf":[],"_links":{"self":[{"href":"https:\/\/irriprojekt.com\/index.php\/wp-json\/wp\/v2\/product\/560","targetHints":{"allow":["GET"]}}],"collection":[{"href":"https:\/\/irriprojekt.com\/index.php\/wp-json\/wp\/v2\/product"}],"about":[{"href":"https:\/\/irriprojekt.com\/index.php\/wp-json\/wp\/v2\/types\/product"}],"replies":[{"embeddable":true,"href":"https:\/\/irriprojekt.com\/index.php\/wp-json\/wp\/v2\/comments?post=560"}],"wp:featuredmedia":[{"embeddable":true,"href":"https:\/\/irriprojekt.com\/index.php\/wp-json\/wp\/v2\/media\/8169"}],"wp:attachment":[{"href":"https:\/\/irriprojekt.com\/index.php\/wp-json\/wp\/v2\/media?parent=560"}],"wp:term":[{"taxonomy":"product_brand","embeddable":true,"href":"https:\/\/irriprojekt.com\/index.php\/wp-json\/wp\/v2\/product_brand?post=560"},{"taxonomy":"product_cat","embeddable":true,"href":"https:\/\/irriprojekt.com\/index.php\/wp-json\/wp\/v2\/product_cat?post=560"},{"taxonomy":"product_tag","embeddable":true,"href":"https:\/\/irriprojekt.com\/index.php\/wp-json\/wp\/v2\/product_tag?post=560"}],"curies":[{"name":"wp","href":"https:\/\/api.w.org\/{rel}","templated":true}]}}