{"id":8868,"date":"2025-01-02T13:44:59","date_gmt":"2025-01-02T11:44:59","guid":{"rendered":"https:\/\/irriprojekt.com\/?page_id=8868"},"modified":"2025-01-08T11:33:16","modified_gmt":"2025-01-08T09:33:16","slug":"elaborat-navodnjavanje","status":"publish","type":"page","link":"https:\/\/irriprojekt.com\/index.php\/usluge\/elaborat-navodnjavanje\/","title":{"rendered":"Elaborat | Navodnjavanja"},"content":{"rendered":"<div id=\"pl-8868\"  class=\"panel-layout\" ><div id=\"pg-8868-0\"  class=\"panel-grid panel-no-style\" ><div id=\"pgc-8868-0-0\"  class=\"panel-grid-cell\" ><div id=\"panel-8868-0-0-0\" class=\"so-panel widget widget_media_image panel-first-child panel-last-child\" data-index=\"0\" ><a href=\"https:\/\/irriprojekt.com\/wp-content\/uploads\/2023\/08\/Q-FPS-00158-G-Culo-U-IZRADI-Model-0-1-scaled.webp\"><img fetchpriority=\"high\" decoding=\"async\" width=\"2560\" height=\"1809\" src=\"https:\/\/irriprojekt.com\/wp-content\/uploads\/2023\/08\/Q-FPS-00158-G-Culo-U-IZRADI-Model-0-1-scaled.webp\" class=\"image wp-image-7646  attachment-full size-full\" alt=\"\" style=\"max-width: 100%; height: auto;\" srcset=\"https:\/\/irriprojekt.com\/wp-content\/uploads\/2023\/08\/Q-FPS-00158-G-Culo-U-IZRADI-Model-0-1-scaled.webp 2560w, https:\/\/irriprojekt.com\/wp-content\/uploads\/2023\/08\/Q-FPS-00158-G-Culo-U-IZRADI-Model-0-1-scaled-600x424.webp 600w, https:\/\/irriprojekt.com\/wp-content\/uploads\/2023\/08\/Q-FPS-00158-G-Culo-U-IZRADI-Model-0-1-300x212.webp 300w, https:\/\/irriprojekt.com\/wp-content\/uploads\/2023\/08\/Q-FPS-00158-G-Culo-U-IZRADI-Model-0-1-1024x723.webp 1024w, https:\/\/irriprojekt.com\/wp-content\/uploads\/2023\/08\/Q-FPS-00158-G-Culo-U-IZRADI-Model-0-1-768x543.webp 768w, https:\/\/irriprojekt.com\/wp-content\/uploads\/2023\/08\/Q-FPS-00158-G-Culo-U-IZRADI-Model-0-1-1536x1085.webp 1536w, https:\/\/irriprojekt.com\/wp-content\/uploads\/2023\/08\/Q-FPS-00158-G-Culo-U-IZRADI-Model-0-1-2048x1447.webp 2048w\" sizes=\"(max-width: 2560px) 100vw, 2560px\" \/><\/a><\/div><\/div><\/div><div id=\"pg-8868-1\"  class=\"panel-grid panel-no-style\" ><div id=\"pgc-8868-1-0\"  class=\"panel-grid-cell\" ><div id=\"panel-8868-1-0-0\" class=\"so-panel widget widget_black-studio-tinymce widget_black_studio_tinymce panel-first-child\" data-index=\"1\" ><div class=\"textwidget\"><p><span style=\"color: #99cc00;\">Elaborat sustava navodnjavanja sadr\u017ei:<\/span> opis investicije, tehni\u010dko-tehnolo\u0161ki i proizvodni proces, grafi\u010dki dio i vrstu investicije (podizanje i opremanje novog vi\u0161egodi\u0161njeg nasada i\/ili restrukturiranje i opremanje postoje\u0107eg vi\u0161egodi\u0161njeg nasada), opis i prikaz planirane lokacije vo\u0107njaka na katastarskom planu, vrste, sorte, podloge) vo\u0107a na koje se ulaganje odnosi, sadni materijal, povr\u0161ina nasada na koje se ulaganje odnosi, analiza i priprema tla, uvjeti uzgoja (klima, tlo, polo\u017eaj, potrebe za vodom, hranjiva i dr.), starost nasada, sustav uzgoja, na\u010din odr\u017eavanja i njege, opis i tehni\u010dke karakteristike pojedinih sustava i opreme vi\u0161egodi\u0161njih nasada.<\/p>\n<p><span style=\"color: #99cc00;\">Tehni\u010dki dio projekta uklju\u010duje:<\/span> hidrauli\u010dki prora\u010dun cjevovoda potrebnih za normalan rad navodnjavanja, definiranje potrebnih kapaciteta vode za minimalni rad sustava u razdoblju od 20 dana, odabir ekonomski najefikasnijeg sustava distribucije vode unutar vo\u0107njaka, izbor filterskog postrojenja s veli\u010dina filtracije, izbor automatizacije rada sustava i potrebnih agrometeorolo\u0161kih stanica za bolje predvi\u0111anje mogu\u0107nosti su\u0161e i visokih temperatura.<\/p>\n<p>Ovaj elaborat uklju\u010duje i izradu tro\u0161kovnika potrebnih za nabavu, izgradnju, osposobljavanje i pu\u0161tanje u rad sustava za navodnjavanje. Kao prilog projektu dostavlja se nacrt postoje\u0107eg stanja i budu\u0107eg rje\u0161enja sustava navodnjavanja sa svim potrebnim iskolcima elemenata za laku monta\u017eu sustava.<\/p>\n<p><strong>Elaborat je izra\u0111en i ovjeren\/potpisan od strane stru\u010dnjaka agronomsko-tehni\u010dkih znanosti, a odnosi se na korisnika i sustav navodnjavanja na lokaciji investicije korisnika.<\/strong><\/p>\n<p><span style=\"color: #99cc00;\"><strong>Cijena za svaki elaborat se odre\u0111uje individualno i ovisi o slo\u017eenosti samog projekta.<\/strong><\/span><\/p>\n<p>&nbsp;<\/p>\n<\/div><\/div><div id=\"panel-8868-1-0-1\" class=\"so-panel widget widget_black-studio-tinymce widget_black_studio_tinymce panel-last-child\" data-index=\"2\" ><div class=\"textwidget\"><p><img decoding=\"async\" class=\"size-full wp-image-6403 aligncenter\" src=\"https:\/\/export-xml.qreativethemes.com\/thelandscaper\/wp-content\/uploads\/sites\/2\/2015\/07\/img_divider.png\" alt=\"img_divider\" width=\"1128\" height=\"14\" srcset=\"https:\/\/irriprojekt.com\/wp-content\/uploads\/2015\/07\/img_divider.png 1128w, https:\/\/irriprojekt.com\/wp-content\/uploads\/2015\/07\/img_divider-600x7.png 600w\" sizes=\"(max-width: 1128px) 100vw, 1128px\" \/><\/p>\n<\/div><\/div><\/div><\/div><div id=\"pg-8868-2\"  class=\"panel-grid panel-no-style\" ><div id=\"pgc-8868-2-0\"  class=\"panel-grid-cell\" ><div id=\"panel-8868-2-0-0\" class=\"so-panel widget widget_black-studio-tinymce widget_black_studio_tinymce panel-first-child panel-last-child\" data-index=\"3\" ><h3 class=\"widget-title\"><span class=\"light\">Po\u0161aljite<\/span> Upit<\/h3><div class=\"textwidget\"><h3>\n<div class=\"wpcf7 no-js\" id=\"wpcf7-f6469-o1\" lang=\"en-US\" dir=\"ltr\" data-wpcf7-id=\"6469\">\n<div class=\"screen-reader-response\"><p role=\"status\" aria-live=\"polite\" aria-atomic=\"true\"><\/p> <ul><\/ul><\/div>\n<form action=\"\/index.php\/wp-json\/wp\/v2\/pages\/8868#wpcf7-f6469-o1\" method=\"post\" class=\"wpcf7-form init\" aria-label=\"Contact form\" novalidate=\"novalidate\" data-status=\"init\">\n<fieldset class=\"hidden-fields-container\"><input type=\"hidden\" name=\"_wpcf7\" value=\"6469\" \/><input type=\"hidden\" name=\"_wpcf7_version\" value=\"6.1.4\" \/><input type=\"hidden\" name=\"_wpcf7_locale\" value=\"en_US\" \/><input type=\"hidden\" name=\"_wpcf7_unit_tag\" value=\"wpcf7-f6469-o1\" \/><input type=\"hidden\" name=\"_wpcf7_container_post\" value=\"0\" \/><input type=\"hidden\" name=\"_wpcf7_posted_data_hash\" value=\"\" \/>\n<\/fieldset>\n<div class=\"Po\u0161alji Upit\">\n\t<div class=\"row\">\n\t\t<div class=\"col-xs-12 col-md-6\">\n\t\t\t<p><span class=\"wpcf7-form-control-wrap\" data-name=\"your-name\"><input size=\"40\" maxlength=\"400\" class=\"wpcf7-form-control wpcf7-text wpcf7-validates-as-required\" aria-required=\"true\" aria-invalid=\"false\" placeholder=\"Ime i Prezime\" value=\"\" type=\"text\" name=\"your-name\" \/><\/span>\n\t\t\t<\/p>\n\t\t<\/div>\n\t\t<div class=\"col-xs-12 col-md-6\">\n\t\t\t<p><span class=\"wpcf7-form-control-wrap\" data-name=\"your-email\"><input size=\"40\" maxlength=\"400\" class=\"wpcf7-form-control wpcf7-email wpcf7-validates-as-required wpcf7-text wpcf7-validates-as-email\" aria-required=\"true\" aria-invalid=\"false\" placeholder=\"E-mail\" value=\"\" type=\"email\" name=\"your-email\" \/><\/span>\n\t\t\t<\/p>\n\t\t<\/div>\n\t\t<div class=\"col-xs-12\">\n\t\t\t<p><span class=\"wpcf7-form-control-wrap\" data-name=\"your-message\"><textarea cols=\"40\" rows=\"10\" maxlength=\"2000\" class=\"wpcf7-form-control wpcf7-textarea wpcf7-validates-as-required\" aria-required=\"true\" aria-invalid=\"false\" placeholder=\"Poruka\" name=\"your-message\"><\/textarea><\/span>\n\t\t\t<\/p>\n\t\t<\/div>\n\t\t<div class=\"col-xs-12\">\n\t\t\t<p><input class=\"wpcf7-form-control wpcf7-submit has-spinner btn btn-primary center-block\" type=\"submit\" value=\"Po\u0161alji Upit\" \/>\n\t\t\t<\/p>\n\t\t<\/div>\n\t<\/div>\n<\/div><p style=\"display: none !important;\" class=\"akismet-fields-container\" data-prefix=\"_wpcf7_ak_\"><label>&#916;<textarea name=\"_wpcf7_ak_hp_textarea\" cols=\"45\" rows=\"8\" maxlength=\"100\"><\/textarea><\/label><input type=\"hidden\" id=\"ak_js_1\" name=\"_wpcf7_ak_js\" value=\"111\"\/><script>document.getElementById( \"ak_js_1\" ).setAttribute( \"value\", ( new Date() ).getTime() );<\/script><\/p><div class=\"wpcf7-response-output\" aria-hidden=\"true\"><\/div>\n<\/form>\n<\/div>\n<\/h3>\n<p>&nbsp;<\/p>\n<\/div><\/div><\/div><\/div><\/div>","protected":false},"excerpt":{"rendered":"<p>Elaborat sustava navodnjavanja sadr\u017ei: opis investicije, tehni\u010dko-tehnolo\u0161ki i proizvodni proces, grafi\u010dki dio i vrstu investicije (podizanje i opremanje novog vi\u0161egodi\u0161njeg nasada i\/ili restrukturiranje i opremanje postoje\u0107eg vi\u0161egodi\u0161njeg nasada), opis i prikaz planirane lokacije vo\u0107njaka na katastarskom planu, vrste, sorte, podloge) vo\u0107a na koje se ulaganje odnosi, sadni materijal, povr\u0161ina nasada na koje se ulaganje odnosi, [&hellip;]<\/p>\n","protected":false},"author":1,"featured_media":8765,"parent":921,"menu_order":0,"comment_status":"closed","ping_status":"closed","template":"","meta":{"footnotes":""},"class_list":["post-8868","page","type-page","status-publish","has-post-thumbnail","hentry"],"acf":[],"_links":{"self":[{"href":"https:\/\/irriprojekt.com\/index.php\/wp-json\/wp\/v2\/pages\/8868","targetHints":{"allow":["GET"]}}],"collection":[{"href":"https:\/\/irriprojekt.com\/index.php\/wp-json\/wp\/v2\/pages"}],"about":[{"href":"https:\/\/irriprojekt.com\/index.php\/wp-json\/wp\/v2\/types\/page"}],"author":[{"embeddable":true,"href":"https:\/\/irriprojekt.com\/index.php\/wp-json\/wp\/v2\/users\/1"}],"replies":[{"embeddable":true,"href":"https:\/\/irriprojekt.com\/index.php\/wp-json\/wp\/v2\/comments?post=8868"}],"version-history":[{"count":3,"href":"https:\/\/irriprojekt.com\/index.php\/wp-json\/wp\/v2\/pages\/8868\/revisions"}],"predecessor-version":[{"id":8872,"href":"https:\/\/irriprojekt.com\/index.php\/wp-json\/wp\/v2\/pages\/8868\/revisions\/8872"}],"up":[{"embeddable":true,"href":"https:\/\/irriprojekt.com\/index.php\/wp-json\/wp\/v2\/pages\/921"}],"wp:featuredmedia":[{"embeddable":true,"href":"https:\/\/irriprojekt.com\/index.php\/wp-json\/wp\/v2\/media\/8765"}],"wp:attachment":[{"href":"https:\/\/irriprojekt.com\/index.php\/wp-json\/wp\/v2\/media?parent=8868"}],"curies":[{"name":"wp","href":"https:\/\/api.w.org\/{rel}","templated":true}]}}