{"id":667,"date":"2015-07-22T16:36:54","date_gmt":"2015-07-22T16:36:54","guid":{"rendered":"http:\/\/localhost:8888\/construction\/?page_id=667"},"modified":"2023-08-30T11:31:32","modified_gmt":"2023-08-30T09:31:32","slug":"zastita-od-mraza","status":"publish","type":"page","link":"https:\/\/irriprojekt.com\/index.php\/usluge\/zastita-od-mraza\/","title":{"rendered":"Za\u0161tita od mraza"},"content":{"rendered":"<div id=\"pl-667\"  class=\"panel-layout\" ><div id=\"pg-667-0\"  class=\"panel-grid panel-no-style\" ><div id=\"pgc-667-0-0\"  class=\"panel-grid-cell\" ><div id=\"panel-667-0-0-0\" class=\"so-panel widget widget_media_image panel-first-child\" data-index=\"0\" ><a href=\"https:\/\/irriprojekt.com\/wp-content\/uploads\/2023\/08\/FPS-mraz-antifrost-2021-rozi-pup-5.webp\"><img fetchpriority=\"high\" decoding=\"async\" width=\"1155\" height=\"650\" src=\"https:\/\/irriprojekt.com\/wp-content\/uploads\/2023\/08\/FPS-mraz-antifrost-2021-rozi-pup-5.webp\" class=\"image wp-image-7560  attachment-full size-full\" alt=\"\" style=\"max-width: 100%; height: auto;\" srcset=\"https:\/\/irriprojekt.com\/wp-content\/uploads\/2023\/08\/FPS-mraz-antifrost-2021-rozi-pup-5.webp 1155w, https:\/\/irriprojekt.com\/wp-content\/uploads\/2023\/08\/FPS-mraz-antifrost-2021-rozi-pup-5-600x338.webp 600w, https:\/\/irriprojekt.com\/wp-content\/uploads\/2023\/08\/FPS-mraz-antifrost-2021-rozi-pup-5-300x169.webp 300w, https:\/\/irriprojekt.com\/wp-content\/uploads\/2023\/08\/FPS-mraz-antifrost-2021-rozi-pup-5-1024x576.webp 1024w, https:\/\/irriprojekt.com\/wp-content\/uploads\/2023\/08\/FPS-mraz-antifrost-2021-rozi-pup-5-768x432.webp 768w, https:\/\/irriprojekt.com\/wp-content\/uploads\/2023\/08\/FPS-mraz-antifrost-2021-rozi-pup-5-850x479.webp 850w, https:\/\/irriprojekt.com\/wp-content\/uploads\/2023\/08\/FPS-mraz-antifrost-2021-rozi-pup-5-360x203.webp 360w\" sizes=\"(max-width: 1155px) 100vw, 1155px\" \/><\/a><\/div><div id=\"panel-667-0-0-1\" class=\"so-panel widget widget_black-studio-tinymce widget_black_studio_tinymce panel-last-child\" data-index=\"1\" ><div class=\"textwidget\"><p><a href=\"https:\/\/export-xml.qreativethemes.com\/thelandscaper\/wp-content\/uploads\/sites\/2\/2015\/07\/img_divider.png\"><img decoding=\"async\" class=\"size-full wp-image-6403 aligncenter\" src=\"https:\/\/export-xml.qreativethemes.com\/thelandscaper\/wp-content\/uploads\/sites\/2\/2015\/07\/img_divider.png\" alt=\"img_divider\" width=\"1128\" height=\"14\" srcset=\"https:\/\/irriprojekt.com\/wp-content\/uploads\/2015\/07\/img_divider.png 1128w, https:\/\/irriprojekt.com\/wp-content\/uploads\/2015\/07\/img_divider-600x7.png 600w\" sizes=\"(max-width: 1128px) 100vw, 1128px\" \/><\/a><\/p>\n<\/div><\/div><\/div><\/div><div id=\"pg-667-1\"  class=\"panel-grid panel-no-style\" ><div id=\"pgc-667-1-0\"  class=\"panel-grid-cell\" ><div id=\"panel-667-1-0-0\" class=\"so-panel widget widget_black-studio-tinymce widget_black_studio_tinymce panel-first-child\" data-index=\"2\" ><div class=\"textwidget\"><p>Sustav za\u0161tite od mraza sve je va\u017eniji alat za vinograde i vo\u0107njake, zbog sve \u010de\u0161\u0107eg pojave ekstremnih vremena kao \u0161to je kasni proljetni mraz, koji mo\u017ee znatno o\u0161tetiti urod. Sustav radi na principu anomalije vode, koriste\u0107i energiju oslobo\u0111enu pri smrzavanju vode kako bi stvorio ledeni omota\u010d oko cvijeta i ploda, odr\u017eavaju\u0107i ih na temperaturi od 0 do -2 \u00baC (iglu efekt).<\/p>\n<p>Sustav treba aktivirati barem sat vremena prije mraza, kada temperatura padne na +2 \u00b0C, \u010dime se stvara mikroklima sa 100% vla\u017enosti. To sprje\u010dava gubitak topline i zadr\u017eava energiju. Zaustavlja se nakon \u0161to temperatura poraste iznad +2 \u00baC.<\/p>\n<p>Ovaj sustav mo\u017ee se brzo uklju\u010diti i zapo\u010deti raditi u roku od 5 minuta, te se mo\u017ee koristiti i ljeti za hla\u0111enje vo\u0107njaka ili se spojiti na postoje\u0107i sustav za navodnjavanje.<\/p>\n<p>Prskalice u sustavu pokrivaju radijus od 5 metara, svaka s protokom od 37 litara na sat, \u010dime se \u0161tedi energija uz maksimalnu efikasnost. Naspram drugih sustava koji imaju ve\u0107i protok ali manju efikasnost, ovaj sustav je energetski efikasan i ekolo\u0161ki siguran.<\/p>\n<p>Sustav uzima u obzir parametre kao \u0161to su temperatura, vlaga, brzina vjetra i prognoza vremena, te je po\u017eeljno imati lokalnu meteorolo\u0161ku stanicu za precizne mjere. Pokazao se kao pouzdan i isplativ na\u010din za\u0161tite.<\/p>\n<p>&nbsp;<\/p>\n<\/div><\/div><div id=\"panel-667-1-0-1\" class=\"so-panel widget widget_media_image panel-last-child\" data-index=\"3\" ><a href=\"https:\/\/irriprojekt.com\/wp-content\/uploads\/2023\/08\/Hrvatske-sume-divlja-tresnja-mraz-2021-1.webp\"><img decoding=\"async\" width=\"1190\" height=\"668\" src=\"https:\/\/irriprojekt.com\/wp-content\/uploads\/2023\/08\/Hrvatske-sume-divlja-tresnja-mraz-2021-1.webp\" class=\"image wp-image-7561  attachment-full size-full\" alt=\"\" style=\"max-width: 100%; height: auto;\" srcset=\"https:\/\/irriprojekt.com\/wp-content\/uploads\/2023\/08\/Hrvatske-sume-divlja-tresnja-mraz-2021-1.webp 1190w, https:\/\/irriprojekt.com\/wp-content\/uploads\/2023\/08\/Hrvatske-sume-divlja-tresnja-mraz-2021-1-600x337.webp 600w, https:\/\/irriprojekt.com\/wp-content\/uploads\/2023\/08\/Hrvatske-sume-divlja-tresnja-mraz-2021-1-300x168.webp 300w, https:\/\/irriprojekt.com\/wp-content\/uploads\/2023\/08\/Hrvatske-sume-divlja-tresnja-mraz-2021-1-1024x575.webp 1024w, https:\/\/irriprojekt.com\/wp-content\/uploads\/2023\/08\/Hrvatske-sume-divlja-tresnja-mraz-2021-1-768x431.webp 768w, https:\/\/irriprojekt.com\/wp-content\/uploads\/2023\/08\/Hrvatske-sume-divlja-tresnja-mraz-2021-1-360x203.webp 360w\" sizes=\"(max-width: 1190px) 100vw, 1190px\" \/><\/a><\/div><\/div><\/div><div id=\"pg-667-2\"  class=\"panel-grid panel-no-style\" ><div id=\"pgc-667-2-0\"  class=\"panel-grid-cell\" ><div id=\"panel-667-2-0-0\" class=\"so-panel widget widget_black-studio-tinymce widget_black_studio_tinymce panel-first-child panel-last-child\" data-index=\"4\" ><div class=\"textwidget\"><h3>Klju\u010dne prednosti<\/h3>\n<p>Sustav za\u0161tite od mraza ki\u0161enjem jedan je od efikasnijih metoda za\u0161tite vo\u0107njaka od \u0161tetnih u\u010dinaka mraza, posebno tijekom proljetnih mrazeva kada vo\u0107e po\u010dinje cvjetati.<\/p>\n<p><span style=\"color: #a2c046; font-size: 18px;\"><span class=\"icon-wrap\"><i class=\"fas fa-check-circle\"><\/i><\/span><\/span> Stvaranje za\u0161titne barijere<br \/>\n<span style=\"color: #a2c046; font-size: 18px;\"><span class=\"icon-wrap\"><i class=\"fas fa-check-circle\"><\/i><\/span><\/span> Jednostavnost upotrebe<br \/>\n<span style=\"color: #a2c046; font-size: 18px;\"><span class=\"icon-wrap\"><i class=\"fas fa-check-circle\"><\/i><\/span><\/span> Smanjenje stresa za biljke<br \/>\n<span style=\"color: #a2c046; font-size: 18px;\"><span class=\"icon-wrap\"><i class=\"fas fa-check-circle\"><\/i><\/span><\/span>\u00a0 Ekonomi\u010dnost<br \/>\n<span style=\"color: #a2c046; font-size: 18px;\"><span class=\"icon-wrap\"><i class=\"fas fa-check-circle\"><\/i><\/span><\/span>\u00a0 Ekolo\u0161ki prihvatljivo<\/p>\n<\/div><\/div><\/div><\/div><div id=\"pg-667-3\"  class=\"panel-grid panel-no-style\" ><div id=\"pgc-667-3-0\"  class=\"panel-grid-cell\" ><div id=\"panel-667-3-0-0\" class=\"so-panel widget widget_black-studio-tinymce widget_black_studio_tinymce panel-first-child panel-last-child\" data-index=\"5\" ><h3 class=\"widget-title\"><span class=\"light\">Po\u0161alji<\/span> Upit<\/h3><div class=\"textwidget\"><h3>\n<div class=\"wpcf7 no-js\" id=\"wpcf7-f6469-o1\" lang=\"en-US\" dir=\"ltr\" data-wpcf7-id=\"6469\">\n<div class=\"screen-reader-response\"><p role=\"status\" aria-live=\"polite\" aria-atomic=\"true\"><\/p> <ul><\/ul><\/div>\n<form action=\"\/index.php\/wp-json\/wp\/v2\/pages\/667#wpcf7-f6469-o1\" method=\"post\" class=\"wpcf7-form init\" aria-label=\"Contact form\" novalidate=\"novalidate\" data-status=\"init\">\n<fieldset class=\"hidden-fields-container\"><input type=\"hidden\" name=\"_wpcf7\" value=\"6469\" \/><input type=\"hidden\" name=\"_wpcf7_version\" value=\"6.1.4\" \/><input type=\"hidden\" name=\"_wpcf7_locale\" value=\"en_US\" \/><input type=\"hidden\" name=\"_wpcf7_unit_tag\" value=\"wpcf7-f6469-o1\" \/><input type=\"hidden\" name=\"_wpcf7_container_post\" value=\"0\" \/><input type=\"hidden\" name=\"_wpcf7_posted_data_hash\" value=\"\" \/>\n<\/fieldset>\n<div class=\"Po\u0161alji Upit\">\n\t<div class=\"row\">\n\t\t<div class=\"col-xs-12 col-md-6\">\n\t\t\t<p><span class=\"wpcf7-form-control-wrap\" data-name=\"your-name\"><input size=\"40\" maxlength=\"400\" class=\"wpcf7-form-control wpcf7-text wpcf7-validates-as-required\" aria-required=\"true\" aria-invalid=\"false\" placeholder=\"Ime i Prezime\" value=\"\" type=\"text\" name=\"your-name\" \/><\/span>\n\t\t\t<\/p>\n\t\t<\/div>\n\t\t<div class=\"col-xs-12 col-md-6\">\n\t\t\t<p><span class=\"wpcf7-form-control-wrap\" data-name=\"your-email\"><input size=\"40\" maxlength=\"400\" class=\"wpcf7-form-control wpcf7-email wpcf7-validates-as-required wpcf7-text wpcf7-validates-as-email\" aria-required=\"true\" aria-invalid=\"false\" placeholder=\"E-mail\" value=\"\" type=\"email\" name=\"your-email\" \/><\/span>\n\t\t\t<\/p>\n\t\t<\/div>\n\t\t<div class=\"col-xs-12\">\n\t\t\t<p><span class=\"wpcf7-form-control-wrap\" data-name=\"your-message\"><textarea cols=\"40\" rows=\"10\" maxlength=\"2000\" class=\"wpcf7-form-control wpcf7-textarea wpcf7-validates-as-required\" aria-required=\"true\" aria-invalid=\"false\" placeholder=\"Poruka\" name=\"your-message\"><\/textarea><\/span>\n\t\t\t<\/p>\n\t\t<\/div>\n\t\t<div class=\"col-xs-12\">\n\t\t\t<p><input class=\"wpcf7-form-control wpcf7-submit has-spinner btn btn-primary center-block\" type=\"submit\" value=\"Po\u0161alji Upit\" \/>\n\t\t\t<\/p>\n\t\t<\/div>\n\t<\/div>\n<\/div><p style=\"display: none !important;\" class=\"akismet-fields-container\" data-prefix=\"_wpcf7_ak_\"><label>&#916;<textarea name=\"_wpcf7_ak_hp_textarea\" cols=\"45\" rows=\"8\" maxlength=\"100\"><\/textarea><\/label><input type=\"hidden\" id=\"ak_js_1\" name=\"_wpcf7_ak_js\" value=\"173\"\/><script>document.getElementById( \"ak_js_1\" ).setAttribute( \"value\", ( new Date() ).getTime() );<\/script><\/p><div class=\"wpcf7-response-output\" aria-hidden=\"true\"><\/div>\n<\/form>\n<\/div>\n<\/h3>\n<\/div><\/div><\/div><\/div><\/div>","protected":false},"excerpt":{"rendered":"<p>Sustav za\u0161tite od mraza sve je va\u017eniji alat za vinograde i vo\u0107njake, zbog sve \u010de\u0161\u0107eg pojave ekstremnih vremena kao \u0161to je kasni proljetni mraz, koji mo\u017ee znatno o\u0161tetiti urod. Sustav radi na principu anomalije vode, koriste\u0107i energiju oslobo\u0111enu pri smrzavanju vode kako bi stvorio ledeni omota\u010d oko cvijeta i ploda, odr\u017eavaju\u0107i ih na temperaturi od [&hellip;]<\/p>\n","protected":false},"author":1,"featured_media":7507,"parent":921,"menu_order":0,"comment_status":"closed","ping_status":"closed","template":"","meta":{"footnotes":""},"class_list":["post-667","page","type-page","status-publish","has-post-thumbnail","hentry"],"acf":[],"_links":{"self":[{"href":"https:\/\/irriprojekt.com\/index.php\/wp-json\/wp\/v2\/pages\/667","targetHints":{"allow":["GET"]}}],"collection":[{"href":"https:\/\/irriprojekt.com\/index.php\/wp-json\/wp\/v2\/pages"}],"about":[{"href":"https:\/\/irriprojekt.com\/index.php\/wp-json\/wp\/v2\/types\/page"}],"author":[{"embeddable":true,"href":"https:\/\/irriprojekt.com\/index.php\/wp-json\/wp\/v2\/users\/1"}],"replies":[{"embeddable":true,"href":"https:\/\/irriprojekt.com\/index.php\/wp-json\/wp\/v2\/comments?post=667"}],"version-history":[{"count":26,"href":"https:\/\/irriprojekt.com\/index.php\/wp-json\/wp\/v2\/pages\/667\/revisions"}],"predecessor-version":[{"id":8407,"href":"https:\/\/irriprojekt.com\/index.php\/wp-json\/wp\/v2\/pages\/667\/revisions\/8407"}],"up":[{"embeddable":true,"href":"https:\/\/irriprojekt.com\/index.php\/wp-json\/wp\/v2\/pages\/921"}],"wp:featuredmedia":[{"embeddable":true,"href":"https:\/\/irriprojekt.com\/index.php\/wp-json\/wp\/v2\/media\/7507"}],"wp:attachment":[{"href":"https:\/\/irriprojekt.com\/index.php\/wp-json\/wp\/v2\/media?parent=667"}],"curies":[{"name":"wp","href":"https:\/\/api.w.org\/{rel}","templated":true}]}}